s h(-1) a composite number?
False
Let q(v) = -16*v - 205. Let m be q(-13). Suppose m*n = -4*y + 15261 + 2678, 3*n = 3*y + 17946. Is n composite?
False
Let c be ((-8)/(-12))/(2/(-6)). Let x(k) = -41*k**3 - 3*k**2 - k**2 + 13*k**2 - 27 - 6*k**2 + 22. Is x(c) composite?
True
Let b be 33/(-2) - (22/(-4) + 6). Let k(l) = 14*l**2 + 56*l - 15. Is k(b) a composite number?
False
Let u = -4064 + 1457. Let i be (9 - 14)*((-61520)/25)/(-8). Let b = i - u. Is b prime?
True
Is (-23)/((-1449)/12713994) - (-3)/(-7) composite?
False
Let o(s) = s**2 + 16*s - 36. Let r be o(-18). Let d(g) = -5*g + 10276. Let t be d(r). Suppose 14*a + t = 18*a. Is a composite?
True
Let x be 2 - 5 - (-630)/(-2). Let i = x - -465. Is -3*(-4 - i) - -4 prime?
True
Suppose 2*q - 10 = -3*q. Suppose 0 = -5*f + 13 + q. Suppose -21 = -f*m + 588. Is m composite?
True
Let m(j) = 25. Let s(x) = -x. Let q(n) = m(n) + s(n). Let f be q(14). Suppose -28388 + 2307 = -f*i. Is i composite?
False
Let x(k) = -k**3 - 10*k**2 + 10*k - 1. Let s be -3*(-1)/(-2)*(-484)/(-66). Let a be x(s). Suppose -2*u + 22 = a. Is u a composite number?
True
Suppose -p + 24*v + 22257 = 20*v, 44562 = 2*p - 2*v. Is p composite?
True
Let r be (1 - 2/5) + 166988/20. Suppose 8*v = r + 4274. Is (v/3)/2 - 0 a composite number?
False
Suppose -7*z + 4*d = -5*z - 16, -3 = d. Suppose -5*h - 6753 = -z*b, 5*h = -3*b - b + 13461. Is b a composite number?
True
Suppose 21*v + 2*v = -2208. Is ((-3)/(-2))/(v/(-1035712)) a prime number?
True
Is (8/(-256))/(3/(-19269948))*8 a prime number?
True
Let m be ((-9)/(-6))/(2/(60/9)). Suppose -3*h = h, 0 = -m*y - 4*h + 221515. Is y a composite number?
True
Suppose 5*q = 5*o + 103890, q + 7916 - 28706 = 4*o. Suppose 1550 + q = 4*v. Is v a composite number?
False
Let a = 241595 - 142606. Is a a prime number?
False
Suppose -4*k + 7*k = -5*o + 120, 0 = -3*o - 2*k + 73. Is -1*-6537*7/o prime?
True
Suppose -100*c = -2627648 + 112948. Is c composite?
False
Let i be (1 - -5 - 2)*(-1)/(-1). Suppose 4*b - 3766 = 2*k, -k = -b + i*k + 928. Is b prime?
False
Let b = -11777 + 37870. Is b a prime number?
False
Let x(d) be the third derivative of -d**5/60 - 3*d**4/4 + d**3/3 - 31*d**2. Let s be x(-18). Suppose -11*w = -s*w - 18729. Is w prime?
True
Suppose 0 = 4*v - 2*y - 22, 2*y - 14 = -5*v. Let d be (-20)/3*(-1842)/v. Suppose 11*z = z + d. Is z prime?
True
Let v be 11/33 + (-12633)/(-9). Suppose -20 = k + 4*k, 0 = -4*s - 2*k + v. Is s a composite number?
False
Suppose -24036 = -41*l + 47*l. Let a = -39 - l. Is a a prime number?
True
Suppose -3*l - 9103 = -42753 - 28717. Is l composite?
False
Let z be (-80)/(-24) - 8/(-12). Suppose 0 = 5*h, z*a = -3*h + 4394 + 28394. Is a composite?
True
Let b(x) = x**2 + 7*x + 15. Let k be b(-6). Let h = 13 - k. Is (5 - h)/(2/266) composite?
True
Suppose -60236 = -34*z + 216150. Is z prime?
False
Suppose 0 = -3*z - 4*w + 115791, 4*w - 32534 = -2*z + 44664. Is z composite?
False
Let j = 38305 - -98658. Is j a prime number?
True
Suppose -2*m - 10 = 2*a, -m + 5 = 2*m - 2*a. Let j be (1 + 0/(-5))/m. Is 7*(-4 - 93*j) composite?
True
Suppose -5*k = 12*q - 38378, 5*q + k + 3201 = 6*q. Is q prime?
False
Suppose -2*r = -26*r + 208296. Suppose -14 = -2*z + 8. Suppose z*s - 14*s = -r. Is s composite?
True
Let f be 133 + (0 - 0 - 1). Suppose 1740 = -58*j + 275*j + 218*j. Suppose j*b - f = -8*b. Is b a composite number?
False
Is (-8)/(-12)*(2841659/(-114))/(1/(-9)) a composite number?
False
Let x(m) = 311*m**2 + 7*m - 15. Let t(k) = -156*k**2 - 4*k + 7. Let q(b) = 5*t(b) + 3*x(b). Let h be q(3). Suppose 20*j = 15*j + h. Is j a prime number?
False
Suppose 4*d - 338069 = 3*g, -26*d + 29*d + g = 253568. Is d a composite number?
False
Suppose 23998 = 5*l - 18217. Suppose -s - 3*s - 3*k + 33772 = 0, 2*k + l = s. Suppose j - 3351 = 2*w, 5*w - 4974 = -4*j + s. Is j a composite number?
True
Let b(l) = 68*l**2 - 6*l + 30. Let n be b(6). Suppose -3*u + n = 4*g - 2095, g - 2*u = 1137. Is g a composite number?
True
Suppose -31*v = -521069 - 18294474. Is v a prime number?
False
Let s(q) = 4850*q - 2769. Is s(62) composite?
False
Let n(f) = 2*f**2 - f. Let o be n(-1). Suppose -8*k = o*k - 4609. Is k a prime number?
True
Suppose 0 = -4*l - l - 4775. Let m = -564 - l. Is m a prime number?
False
Let i(g) = -5*g**3 + 33*g**2 + 35*g + 208. Is i(-29) prime?
True
Let s(g) = 30146*g - 4221. Is s(8) prime?
True
Let t = 303 - 281. Let z(f) = 8*f**2 - 45*f - 71. Is z(t) a prime number?
False
Let l = 166 - 162. Suppose -5*v = -4*k + 14563, l*k - 1165 = 4*v + 13395. Is k prime?
True
Let n(m) = 36 + 17*m**2 + 34 - 68 + 4*m. Let q be n(-14). Suppose 0 = -3*x + 3*y - 1169 + q, -2*y = x - 697. Is x a prime number?
True
Suppose -2*o - 216 = 494. Let t = o - 20. Let d = -46 - t. Is d a composite number?
True
Suppose 35024 + 68527 = 7*x. Suppose 4*m - x = -5*c, -6*m - 18486 = -11*m - c. Is m prime?
True
Let p(k) = -1301724 + 104*k**2 - k + 1301722 + 4*k. Let a = 11 - 8. Is p(a) prime?
False
Let n be 68 - (-3 + 26/10)*5. Let z = n - 55. Let u(y) = y**3 - 11*y**2 + 7*y - 26. Is u(z) prime?
False
Let r = -399538 - -792849. Is r composite?
False
Let s be (-3336)/40*105/(-9). Suppose w + 0*w - 3 = 0, s = 5*x + w. Is x a composite number?
True
Let w(o) = -120*o**2 - 5*o - 3. Let v(u) = 121*u**2 + 4*u + 2. Let r(j) = 4*v(j) + 3*w(j). Suppose 32*c = -4*c - 0*c - 72. Is r(c) a prime number?
False
Let g(c) = -140*c**2 - 17*c + 13. Let r be g(-19). Let z = -8433 - r. Is z a prime number?
True
Let p = -8440 + 5752. Let f = p - -5141. Is f a composite number?
True
Let z = 0 + 10. Let l be ((-36)/z)/(14/(-35)). Let v = l - -102. Is v a composite number?
True
Let a(v) = -v**3 + 32*v**2 - 2*v - 7. Suppose -t - 6 + 48 = 3*x, -50 = -t - 5*x. Is a(t) a prime number?
True
Suppose 240876040 = 273*m - 707188967 - 26977152. Is m prime?
True
Suppose -7*x + 2780 + 56475 = 0. Let u = 12450 - x. Is u composite?
True
Suppose 3*f = -5*h + 237455, -443*f = -4*h - 440*f + 189964. Is h prime?
True
Let f be 2 + (-9 - -3) - (2 - 24). Suppose -f*o - 5162 = -20*o. Is o a composite number?
True
Suppose 2*p - 8 = -4*o, -4*p - o = -2*o - 16. Suppose -9 = -p*w - 5. Is w/5 - (7568/(-10) - -2) a composite number?
True
Let h be 29/4 - 14/56. Let a = h + -60. Let o = 990 - a. Is o a prime number?
False
Let h(z) be the third derivative of -9/2*z**3 - 1/60*z**5 + 28*z**2 + 0*z - 25/24*z**4 + 0. Is h(-14) prime?
True
Suppose 28 = 3*h + 2*m, 2*h + 3*m - 36 = -19. Suppose -3*x = r - 10, -r = -6*r + 5*x + h. Let q(n) = 5*n**3 - n**2 - 7*n - 9. Is q(r) composite?
True
Let l = 407 + -390. Let j(f) = 660*f**2 - 3*f + 5. Let y be j(-4). Suppose -y = -l*s + 10*s. Is s a composite number?
False
Let i(t) = t**2 + 4*t + 3. Let j be i(-1). Suppose h - 2870 + 619 = j. Is h a composite number?
False
Let o(u) = 10*u**2 + 3602*u - 1 - 2*u**3 + 5*u**2 - 3616*u + 8. Suppose 6*y + 8 = 2*p + 4*y, y = 2*p - 10. Is o(p) prime?
True
Suppose 22*c - 17997698 = -29*c - 968237. Is c a composite number?
False
Suppose -75508 + 14170 = -6*j. Suppose 0 = 4*q - h - 13640, 9*q + h - j = 6*q. Is q prime?
False
Let c be 4*(-3)/(-18)*-3. Is (-414)/36*(-60 + c) composite?
True
Let c(b) = -137*b + 8. Suppose 0*d + 9*d = -36. Let u be c(d). Let f = u + -351. Is f composite?
True
Suppose -38*x + 42*x = 12, 3*x - 650116 = -c. Is c a prime number?
True
Suppose 25*v + 5897 = 874934 + 30488. Is v prime?
False
Is (-4 - 658417)/(8 + -7 - 2) a prime number?
False
Let x = -4205 - -138. Let v be (726/(-5))/(13/260). Let n = v - x. Is n a prime number?
True
Let c be 2/((-4)/(-13 + 5)). Suppose 1 = 6*h - 4*h - 3*b, -4*h + c = -4*b. Suppose 6*j = 2*z + 5*j - 2765, z = -h*j + 1375. Is z composite?
False
Suppose 0 = -i - b + 566269, -17*b = -5*i - 12*b + 2831385. Is i composite?
False
Suppose -35*x = 317 - 37. Is x/10 + 654341/95 a prime number?
False
Let y(q) = -q**3 + 38*q**2 + 39*q + 3. Let b be y(39). Is 1/(b/158577 + 0) a prime number?
True
Suppose 4*b = -4*k - 28, 4*b + 9 + 11 = 0. Let y be (-4)/14 - (k - (-54)/7). Is (-3 - y - 788)/(-1) prime?
False
Suppose -o - 7177 = 4*w, -3*o - o = -5*w - 8945. Let x = -1006 - w. Is x a composite number?
False
Let y = -196 + 226. Let q = 98 - 64. Suppose 3476 = q*a - y*a. Is a a prime number?
False
Let k = -685722 + 1601683. Is k prime?
True
Suppose -547 = 4*d + 4*c + 1221, -